e
Is 47465 a multiple of 91?
False
Is 12 a factor of 442081?
False
Is 8113554 a multiple of 365?
False
Is 10050 a multiple of 67?
True
Does 3 divide 16980?
True
Is 132 a factor of 1397208?
False
Is 110 a factor of 1213960?
True
Does 12 divide 12378362?
False
Is 3637941 a multiple of 420?
False
Is 142382 a multiple of 443?
False
Is 6 a factor of 72667?
False
Is 10391272 a multiple of 186?
False
Is 70 a factor of 32332?
False
Does 28 divide 254296?
True
Is 4 a factor of 116603?
False
Is 2169050 a multiple of 47?
True
Is 972515 a multiple of 59?
False
Does 465 divide 6026971?
False
Is 4836964 a multiple of 153?
False
Is 5488236 a multiple of 12?
True
Does 19 divide 1047926?
True
Is 22 a factor of 207064?
True
Is 650538 a multiple of 402?
False
Is 64 a factor of 86588?
False
Is 19778 a multiple of 319?
True
Is 23 a factor of 1034947?
False
Is 754030 a multiple of 6?
False
Is 29 a factor of 59131?
True
Does 71 divide 1309664?
False
Is 55244 a multiple of 37?
False
Is 16349634 a multiple of 63?
True
Is 262 a factor of 17031130?
False
Is 39 a factor of 41692?
False
Is 14933735 a multiple of 48?
False
Is 1447167 a multiple of 440?
False
Does 530 divide 349144?
False
Is 535239 a multiple of 9?
True
Does 27 divide 72052?
False
Is 50 a factor of 3844800?
True
Does 22 divide 9317341?
False
Is 156 a factor of 2020276?
False
Is 243289 a multiple of 113?
True
Does 61 divide 4248390?
False
Is 696705 a multiple of 106?
False
Does 418 divide 272954?
True
Does 149 divide 212496?
False
Does 310 divide 515074?
False
Is 416 a factor of 361920?
True
Is 496 a factor of 144336?
True
Is 469913 a multiple of 23?
True
Is 266000 a multiple of 250?
True
Does 35 divide 126518?
False
Is 8 a factor of 2053016?
True
Does 281 divide 1932687?
False
Is 23 a factor of 7105012?
False
Is 26 a factor of 8456396?
True
Is 618 a factor of 1907254?
False
Does 89 divide 6162004?
True
Is 12 a factor of 1276771?
False
Is 146333 a multiple of 16?
False
Is 282 a factor of 3583664?
False
Is 2732656 a multiple of 369?
False
Is 67 a factor of 399316?
False
Is 482758 a multiple of 16?
False
Is 1721981 a multiple of 5?
False
Is 137921 a multiple of 19?
True
Does 139 divide 5929675?
False
Is 101 a factor of 1446623?
True
Is 10421 a multiple of 205?
False
Is 13 a factor of 218254?
False
Does 15 divide 1426361?
False
Does 5 divide 624605?
True
Is 16 a factor of 1212507?
False
Is 3371814 a multiple of 27?
True
Does 10 divide 1627940?
True
Is 334304 even?
True
Is 79 a factor of 9027251?
True
Does 34 divide 1013268?
True
Is 21237091 a multiple of 89?
True
Is 161 a factor of 1038450?
True
Is 519 a factor of 3003972?
True
Is 14991 a multiple of 19?
True
Is 1097619 a multiple of 151?
True
Is 899059 a multiple of 7?
True
Does 8 divide 65144?
True
Does 5 divide 133410?
True
Does 12 divide 9068921?
False
Is 4892082 a multiple of 38?
True
Is 2174302 a multiple of 24?
False
Is 3286816 a multiple of 104?
True
Is 122628 a multiple of 173?
False
Is 185195 a multiple of 60?
False
Is 3284079 a multiple of 110?
False
Is 4055 a multiple of 44?
False
Does 160 divide 268171?
False
Is 11 a factor of 1206392?
True
Does 413 divide 520815?
False
Does 46 divide 1361232?
True
Is 25 a factor of 1597174?
False
Does 119 divide 23422385?
False
Is 197 a factor of 1499367?
True
Is 80 a factor of 286400?
True
Is 110755 a multiple of 229?
False
Does 16 divide 131396?
False
Does 438 divide 81030?
True
Is 23488512 a multiple of 384?
True
Is 2942961 a multiple of 21?
True
Is 11479084 a multiple of 1010?
False
Is 72028 a multiple of 11?
True
Does 14 divide 630923?
False
Is 402 a factor of 643247?
False
Does 160 divide 444640?
True
Is 4 a factor of 52041?
False
Does 102 divide 199435?
False
Is 1578569 a multiple of 1217?
False
Is 478 a factor of 1195478?
True
Is 22 a factor of 45166?
True
Does 172 divide 252034?
False
Is 3740645 a multiple of 490?
False
Is 94 a factor of 349116?
True
Is 14 a factor of 7675808?
True
Is 5 a factor of 1471630?
True
Does 8 divide 321474?
False
Is 818505 a multiple of 21?
False
Is 6 a factor of 114750?
True
Is 261 a factor of 426996?
True
Is 321 a factor of 1258320?
True
Does 149 divide 85419?
False
Is 14 a factor of 128288?
False
Does 6 divide 4905160?
False
Is 5 a factor of 52634?
False
Does 123 divide 2363445?
True
Does 7 divide 9593?
False
Is 14720112 a multiple of 18?
True
Is 7409898 a multiple of 422?
True
Does 5 divide 1485191?
False
Is 5 a factor of 142375?
True
Is 349 a factor of 175144?
False
Is 96656 a multiple of 4?
True
Is 65 a factor of 276380?
True
Is 160 a factor of 2115040?
True
Is 27972 a multiple of 11?
False
Is 12 a factor of 180609?
False
Is 993 a factor of 32366835?
True
Is 343 a factor of 209230?
True
Is 100 a factor of 568600?
True
Does 227 divide 13916496?
False
Does 246 divide 712910?
False
Is 515 a factor of 10523327?
False
Is 62 a factor of 8404286?
True
Does 10 divide 243339?
False
Does 251 divide 251?
True
Is 115254 a multiple of 20?
False
Is 5 a factor of 3633362?
False
Does 76 divide 189164?
True
Does 1720 divide 4982959?
False
Is 265 a factor of 1866925?
True
Is 934412 a multiple of 79?
True
Does 705 divide 260850?
True
Is 21 a factor of 8598954?
True
Is 1980295 a multiple of 243?
False
Is 11 a factor of 617674?
False
Is 93 a factor of 3333399?
True
Does 108 divide 731592?
True
Is 70335 a multiple of 27?
True
Does 10 divide 233321?
False
Is 394 a factor of 902654?
True
Is 37604 a multiple of 7?
True
Is 8 a factor of 31816?
True
Is 78 a factor of 1303458?
True
Is 358926 a multiple of 29?
False
Is 44 a factor of 21635?
False
Does 11 divide 38357?
True
Is 431490 a multiple of 190?
True
Does 164 divide 2771928?
True
Is 54606 a multiple of 114?
True
Does 45 divide 170185?
False
Is 4265464 a multiple of 472?
True
Is 857426 a multiple of 32?
False
Is 70 a factor of 152760?
False
Is 9347665 a multiple of 295?
True
Is 19 a factor of 11476?
True
Does 68 divide 2835293?
False
Is 3735988 a multiple of 17?
True
Is 1070982 a multiple of 330?
False
Is 2347988 a multiple of 82?
True
Is 3 a factor of 23992?
False
Is 211 a factor of 1782528?
True
Does 8 divide 671583?
False
Does 309 divide 164697?
True
Is 2 a factor of 13925?
False
Is 343 a factor of 1055671?
False
Is 15 a factor of 9013018?
False
Is 11 a factor of 13628802?
True
Is 817541 a multiple of 307?
True
Is 139 a factor of 3074783?
False
Is 82 a factor of 133466?
False
Does 305 divide 1692158?
False
Does 251 divide 1243492?
False
Does 247 divide 41496?
True
Is 11 a factor of 210988?
False
Is 1257 a factor of 2643419?
False
Is 169596 a multiple of 9?
True
Does 63 divide 1179738?
True
Does 185 divide 1372326?
False
Is 9501092 a multiple of 5?
False
Is 1281028 a multiple of 374?
False
Is 43081 a multiple of 1102?
False
Is 125824 a multiple of 729?
False
Is 72 a factor of 228960?
True
Is 1175593 a multiple of 67?
False
Does 5 divide 287714?
False
Is 5 a factor of 54432?
False
Is 2306651 a multiple of 45?
False
Is 186906 a multiple of 4?
False
Is 91760 a multiple of 21?
False
Is 132 a factor of 83820?
True
Does 10 divide 1759549?
False
Is 15 a factor of 541674?
False
Is 11 a factor of 1055482?
False
Is 20967600 a multiple of 20?
True
Is 470878 a multiple of 7?
False
Is 1648131 a multiple of 30?
False
Is 930466 a multiple of 275?
False
Does 1109 divide 4076684?
True
Is 26565 a multiple of 23?
True
Is 139638 a multiple of 74?
True
Is 940338 a multiple of 86?
False
Is 369 a factor of 4501395?
False
Is 823384 a multiple of 2?
True
Does 16 divide 502012?
False
Is 26488 a multiple of 499?
False
Is 25 a factor of 1206125?
True
Is 295749 a multiple of 135?
False
Does 22 divide 689678?
True
Is 40 a factor of 209179?
False
Is 1283810 a multiple of 107?
False
Is 42 a factor of 564690?
True
Does 308 divide 1029349?
False
Is 117473 a multiple of 122?
False
Is 20792 a multiple of 34?
False
Is 27 a factor of 1684449?
True
Is 1196260 a multiple of 107?
True
Does 29 divide 107764?
True
Is 16318 a multiple of 12?
False
Is 182018 a multiple of 33?
False
Is 154363 a multiple of 868?
False
Is 217 a factor of 164155?
False
Is 99710 a multiple of 13?
True
Is 210195 a multiple of 81?
True
Does 64 divide 376384?
True
Does 62 divide 4340?
True
Is 70 a factor of 652231?
False
Does 253 divide 313214?
True
Does 39 divide 291915?
True
Is 181975 a multiple of 79?
Fal